+ d. What is the highest common divisor of 36 and f?
18
Suppose 3*t + 2*t = 110. What is the highest common divisor of 22 and t?
22
Suppose 154 = -4*q + 474. Let v = 194 - 162. Let f = v - 0. Calculate the greatest common factor of q and f.
16
Suppose 9*o = 5*o - 3*v + 789, -2*o - 2*v + 394 = 0. What is the greatest common divisor of 18 and o?
18
Let n be ((-17)/(-2))/(1/22). Let j be 12/(-1) + (-8 - -37). Calculate the greatest common divisor of j and n.
17
Suppose -3*j + 0 = 3*g - 6, -2*j + 4*g + 22 = 0. Suppose -l - 34 = -j. Let u = 59 + l. What is the greatest common factor of u and 3?
3
Suppose 4 + 24 = 2*l + 4*x, -5*x = -4*l - 9. Let v be 4446/72 - (-5)/l. Suppose -i - k = 2 - 13, 3*i = k + 17. What is the highest common divisor of v and i?
7
Let j(a) = 4*a**2 - 4*a - 6. Let z be j(-4). Let r = z + -40. Calculate the greatest common divisor of 306 and r.
34
Let v be 7*(2 + 60/7). Let s = v - -36. What is the highest common divisor of 10 and s?
10
Let f be 3/(-1) - (-130 + -7). Let o = f + -94. What is the highest common divisor of 10 and o?
10
Let n(h) = -h + 23. Let j be -10*6/36*-3*1. Let a be n(j). Calculate the highest common factor of 18 and a.
18
Suppose -18*t + 15*t + 27 = 0. Let a be (-1)/3 - 19/(-3). Calculate the greatest common divisor of a and t.
3
Suppose -8*p = -6383 + 767. Calculate the greatest common factor of 78 and p.
78
Suppose 18*b + 36 = 22*b. Let v(h) = h - 1. Let y be v(5). Suppose -346 = -y*g - 22. Calculate the highest common divisor of g and b.
9
Let z be (496/12)/(-1) - 3/(-9). Let j = z - -73. Calculate the greatest common factor of 128 and j.
32
Suppose -5*q + 811 = 231. Suppose -q - 63 = -k. Let v = k - -46. What is the greatest common factor of 25 and v?
25
Suppose 4*h - 20 = 0, -7*s + 3*s - 5*h = -137. Calculate the greatest common factor of 49 and s.
7
Let d = -3 - -5. Suppose -5*h - 5*i - 1 + 41 = 0, -2*h - 4*i = -12. Suppose 0*f - h = -2*f. Calculate the greatest common divisor of d and f.
1
Let w = 18 + -37. Let y(u) = u**2 + 19*u + 24. Let o be y(w). Suppose -5 = -2*d + 7. What is the highest common divisor of o and d?
6
Let v be 2/(-13) + 22301/377. What is the highest common factor of 1829 and v?
59
Suppose 370 = -3*i - 104. Let a = -128 - i. Calculate the highest common factor of a and 75.
15
Let p(l) = -l**2 - 4. Let q be p(6). Let g = q - -100. Calculate the greatest common divisor of 24 and g.
12
Let h be 8 + 0*1/(-2). Let z = 59 - 55. Suppose 2*a - 15 - 7 = -3*u, -z = -2*u. Calculate the highest common divisor of h and a.
8
Let o(n) = n**3 + n + 48. Let s be o(0). Suppose 27*d = 58 + 104. What is the greatest common factor of s and d?
6
Let c be 7/((-70)/(-25))*2. Suppose 3*t - 127 = 2*a, -3*t + 3*a + 115 + 8 = 0. Calculate the highest common factor of c and t.
5
Let q be 0/(-4 - 1/(-1)). Suppose -4*p + 100 = -q*p. Calculate the highest common divisor of p and 10.
5
Suppose -45 = -11*i - 1. Let s = -48 + 58. Calculate the highest common divisor of s and i.
2
Let n(b) = b**3 + 46*b**2 + 128*b - 60. Let y be n(-42). What is the greatest common factor of 20 and y?
20
Let r(h) = h**3 + h**2 + 2*h - 2. Let d be r(3). Suppose 29*j = 34*j - d. Suppose -j*f + 3*f + 210 = 0. What is the greatest common factor of f and 6?
6
Suppose 0 = 212*q - 238*q + 8372. Calculate the greatest common divisor of q and 230.
46
Let b be 3*((-4)/(-3))/(-1). Let d = -1 - b. Let l(o) = 29*o**2 - 3*o + 1. Let s be l(d). Calculate the highest common divisor of s and 23.
23
Let u be 0/(3 - 3 - 2). Let g be (u/6)/(3/(-3)). Suppose 5*o = i - 41, -3*i + i - 5*o + 97 = g. Calculate the greatest common divisor of i and 69.
23
Suppose 14*q = -61 + 215. What is the greatest common factor of q and 2?
1
Let q be -133 + (5 + -3)*2. Let g = q + 131. Calculate the highest common divisor of 7 and g.
1
Let a be 1354/(-30) + (-4)/(-30). Suppose g = 5*g + 128. Let z = g - a. What is the greatest common factor of z and 13?
13
Suppose 5*z = -2*r + z + 100, 122 = 3*r - z. Let o be (-1)/(-5) + 684/30 + -2. What is the greatest common divisor of o and r?
21
Let k(m) = m**3 + 5*m**2 + 2*m - 2. Let b be k(-4). Suppose c - b*c + 771 = -4*s, -461 = -3*c + 4*s. Calculate the greatest common factor of 31 and c.
31
Let k be (8/(-20))/(14/(-245)). Calculate the highest common divisor of 259 and k.
7
Suppose 75 + 50 = 5*j. Let v be (-30)/(-12)*1360/17. Calculate the greatest common divisor of j and v.
25
Let y(h) = -h**3 + 24*h**2 - 18*h - 35. Let r be y(23). What is the highest common divisor of r and 48?
16
Suppose -2*u = v - 7, 4 = 4*v - 5*u + 2. Let n be (-4)/v - 92/(-6). Calculate the greatest common factor of 14 and n.
14
Let g(w) = 7*w - 29. Let t be (-4 + 162/30)*10/2. Let i be g(t). Calculate the highest common factor of 160 and i.
20
Let y(m) = -m**2 - 3*m + 9. Let t be y(-4). Let a(g) = 2*g**2 - 3*g + 9. Let k be a(t). Calculate the highest common divisor of 11 and k.
11
Let a = 30 + 0. Suppose a - 10 = 5*z. What is the greatest common divisor of 32 and z?
4
Suppose -4*o + 659 + 1040 = -d, 0 = -4*o + 5*d + 1711. Calculate the highest common divisor of o and 8.
8
Suppose j = 4*y - 119, y = 5*y + 5*j - 125. Let m be 0/(-19) - (-24)/2. What is the greatest common divisor of m and y?
6
Suppose 4*v - 12 - 12 = 0. What is the greatest common factor of 102 and v?
6
Let t(y) = 51*y - 87. Let d be t(5). What is the greatest common factor of d and 12?
12
Suppose 7*m - 144 - 339 = 0. Let n = m - 37. Calculate the highest common factor of n and 80.
16
Suppose -265*s = -262*s - 135. Calculate the greatest common divisor of 9 and s.
9
Let u(a) = -11*a**2 - a + 6. Let p(y) = 27*y**2 + 3*y - 15. Let k(r) = 5*p(r) + 12*u(r). Let t be k(2). Calculate the highest common factor of 3 and t.
3
Let u = 140 + -129. What is the greatest common factor of u and 11?
11
Suppose 0 = -5*p - a + 156, -2*a - 104 = -p - 2*p. Let o be 3 + (1/(-2))/(5/(-10)). Calculate the greatest common factor of o and p.
4
Let j(w) = 74*w + 2. Let n be j(1). Suppose 56 = 6*k - n. What is the highest common factor of k and 33?
11
Let c(z) = -z**3 - 5*z**2 + 6*z + 5. Let s be c(-6). Suppose 132 = s*w - 148. Let y be (9/(-6))/((-6)/w). What is the greatest common factor of y and 56?
14
Let b = 0 + -4. Let y be (b + 2)*6/(-4). Let u be 36/4 + (1 - 1). Calculate the greatest common factor of y and u.
3
Let p = 468 + -419. What is the greatest common divisor of p and 21?
7
Suppose 2*x - 55 = -2*b + 3*x, x = -5. What is the greatest common divisor of 200 and b?
25
Let b = 96 - 92. Let p be -13*(41/(-3) - b/12). Calculate the highest common factor of p and 14.
14
Suppose 4*u - 84 + 32 = 0. Let x = 259 + -220. Calculate the greatest common factor of u and x.
13
Suppose -17156 = -9*q - 2405. What is the highest common factor of 11 and q?
11
Suppose y = 3*o - 321 - 40, 0 = -5*o - 2*y + 598. What is the greatest common divisor of 25 and o?
5
Let s = 19 - -14. Let z = s + -21. Let y be (-20)/(-70)*(176 + -8). Calculate the greatest common divisor of y and z.
12
Let p be -24*(5 + 50/(-4)). What is the highest common divisor of p and 72?
36
Suppose 18*o = -49*o + 5159. Calculate the highest common factor of o and 56.
7
Suppose 2*g - 288 = -0*g. Suppose g = 4*o - 4*s, -o + 21 + 11 = -2*s. Let j(w) = 17*w - 263. Let x be j(19). What is the highest common factor of x and o?
20
Let g(m) = -12*m - 547. Let h be g(-51). Calculate the highest common divisor of h and 195.
65
Let v(c) = c**3 - 17*c**2 + 14*c + 22. Let o be v(16). Let i(a) = -2*a - 17. Let m be i(o). What is the greatest common factor of m and 12?
3
Suppose 0 = 9*w - 7*w - 6. Suppose -3*f + 620 = 2*q, -w*f + 4*f = 2*q + 212. What is the highest common divisor of 26 and f?
26
Let c(g) = 3*g**2 + 39*g + 158. Let b be c(-5). Calculate the greatest common factor of b and 266.
38
Let c = 29 + 6. Calculate the greatest common factor of 42 and c.
7
Suppose -46 = -3*y - 4*u, -3*y = 5*u - 7*u - 22. Calculate the greatest common divisor of y and 430.
10
Let q be 6 + (0 - 6)/(-3). Let v = 10 - q. Let d = 16 + v. What is the highest common factor of d and 12?
6
Let q be (-9)/(-6) + (-2)/(-4). Suppose q = -3*s + 2*s. Let d be 20/2 + s + 5. What is the highest common factor of 13 and d?
13
Let x(a) = -2*a - 5. Let z(i) = 8*i + 19. Let b(k) = -9*x(k) - 2*z(k). 